t of p?
8
Let n(t) = 33*t**2 - 3*t - 2. Let m(w) = -w**3 - 23*w**2 + 23*w - 22. Let a be m(-24). Suppose r = 2*r - a. What is the tens digit of n(r)?
2
Let x(n) = -n + 7. Suppose -4*t + 44 - 16 = 0. Let k be x(t). Suppose -2*l = -2, 0*j + 4*j - l - 387 = k. What is the units digit of j?
7
What is the units digit of 36660/325*15*1?
2
Let v be 0/(2/(-5 - -6)). Suppose v = -17*y + y + 3952. What is the hundreds digit of y?
2
Suppose -p - 4*w + 0*w = -2, -4*p = 5*w - 8. Suppose 6*s + p = 14. Suppose m - 4*o = -s*m + 236, 4*o = -2*m + 144. What is the units digit of m?
6
What is the tens digit of (-2450510)/(-130) - 3/39?
5
Let p = 15477 - 8979. What is the units digit of p?
8
Suppose -159*a = -162*a + 143460. What is the units digit of a?
0
Let n = 31732 - 19603. What is the tens digit of n?
2
Let i(s) = 5*s + 12. Suppose -14 = z + 6*z. Let v be ((-12)/z)/(30/(-12) + 4). What is the units digit of i(v)?
2
Let q(t) = 2*t**2 + 16*t + 18. Let x be q(-1). Let n(g) = 356*g - 324. What is the units digit of n(x)?
0
Suppose 52051 = -44*y + 235795. What is the thousands digit of y?
4
Let g(z) = 99*z + 4. Let r be g(6). Suppose 3*v + b - 877 = 0, -4*b + r = 4*v - 2*v. What is the units digit of v?
1
Let n(u) = u**3 + 14*u**2 - 2*u + 14. Let d be n(-14). Let z = d + -51. What is the units digit of (z + 10)/(1/9)?
9
Let l = -6234 + 12422. Suppose -r + 15*r = l. What is the hundreds digit of r?
4
Suppose -139857 + 55150 = -18*p + 152551. What is the thousands digit of p?
3
Let n(c) = c**3 + 38*c**2 + 59*c - 9. What is the hundreds digit of n(-26)?
5
Let c(i) = 137*i**2 + 123*i + 2225. What is the units digit of c(-20)?
5
Suppose -15*v - 4*b + 42422 = -12*v, -2*b + 10 = 0. What is the ten thousands digit of v?
1
Let p = 64 + -59. Suppose -q - 19 = -p*j, 5*j + 2*q = 3*j - 2. Suppose -s - j = 0, 5*s + 375 = 5*f - 3*f. What is the units digit of f?
0
Let x = 83 + -79. Let h be 7/(x - (-111)/(-28)). Let w = h + -49. What is the tens digit of w?
4
Let y = -5781 + 3705. What is the tens digit of 5/((-20)/y) + -3 - -1?
1
Suppose b - 14099 = z, 2*b - 13926 - 14266 = 5*z. What is the units digit of b?
1
Let w(a) = a**3 - 6*a**2 - 6*a**2 + 4*a - 6*a - 1 - 22. Let y be w(10). Let z = y - -350. What is the units digit of z?
7
Let w be -4*((-76)/(-16) + -4). Let y be (-2 - 1)*2/w. Suppose r + 94 = g, -3*g + 3*r + y*r = -282. What is the units digit of g?
4
What is the units digit of (13 + 82841)/(0 + 2) + -8?
9
Let k(f) = 650*f - 1567. What is the tens digit of k(6)?
3
Let x be (1 + 14)*(-13)/39. Let n be -6*(x/2 + 2). Suppose 3*h = n*u + 81, -5*h + 3*u = -h - 112. What is the tens digit of h?
3
Let i(m) = -m**3 + 2*m**2 - 3*m + 5770. What is the hundreds digit of i(0)?
7
Let r(h) = -9*h**3 + 17*h**2 + 47*h + 221. What is the units digit of r(-8)?
1
Suppose -243 = -o + 1423. Let k = o + -196. What is the hundreds digit of k?
4
Let r = -24858 - -30379. What is the thousands digit of r?
5
Let a be -105*-2*((-5)/10 - 2). Let y = -246 - a. What is the tens digit of y?
7
Suppose 0 = 70*t - 377163 - 359792 - 275035. What is the thousands digit of t?
4
Suppose 4*z + 4*s = 5*s + 46015, 0 = -5*z - 5*s + 57550. Suppose -5285 = -23*w + z. What is the units digit of w?
0
Let z(o) = -391*o - 16. Let p(n) = 3. Let t(u) = 5*p(u) - z(u). What is the units digit of t(1)?
2
Suppose -22212 = -2*l - 4*t, 5*t + 11863 = 2*l - 10340. Suppose 402*d - l = 394*d. What is the hundreds digit of d?
3
Let p be 406/(-87) + (-4)/(-6). What is the units digit of (-8)/72 + p*(-41515)/90?
5
Suppose -6428 = 5*f + 9*w - 8*w, f = -5*w - 1276. Let o = f + 1815. What is the tens digit of o?
2
Suppose 3*s - 30 = -3*a - 12, 3*s - 3*a = 18. Let h be (20/s)/(1 - (-15)/(-9)). Let l(w) = w**2 + 2*w. What is the units digit of l(h)?
5
Let n be 40 + -2 - 28/(-7). Let i be 40/(-7) + (-12)/n. Let s(m) = -24*m - 24. What is the hundreds digit of s(i)?
1
Let v = -9 - 3. Let s be ((-3)/15*2)/(v/1860). Suppose 6*z - s = 112. What is the tens digit of z?
2
Suppose -3*l - 2*l = -5775. Suppose -2*w + 5*v = -0*v - 1175, 2*w - v - l = 0. What is the hundreds digit of w?
5
Let l(u) = 4*u - 3. Suppose 5*j - 10 = -g, j + 10 = 6*j - 3*g. Let f(x) = x**2 + 17*x - 13. Let n(i) = j*f(i) - 9*l(i). What is the tens digit of n(3)?
1
Let o(h) = h**3 + 8*h**2 + 6*h. Let s(a) = -a + 8. Let b be s(14). Let r be o(b). What is the tens digit of (0 - (-1 + 5)) + r?
3
Suppose 0 = -20*b + 1078425 - 256665. What is the units digit of b?
8
Let k(n) = 87*n**2 + 259*n + 315. What is the tens digit of k(-22)?
2
Let g(c) = -7*c - 53. Let o be g(6). Let f = -70 - o. Let q = 111 + f. What is the tens digit of q?
3
Let h(t) = -t - 4*t - 19 + 11*t**2 + 11*t**2 - 19*t**2. What is the hundreds digit of h(-13)?
5
Suppose -2*f + 4*k = 982, 36*f - 3*k = 40*f + 2019. Let d = 1917 + f. What is the thousands digit of d?
1
Let f = 752 - 411. Suppose f*z = 327*z + 6944. What is the hundreds digit of z?
4
Suppose 2*h + 13070 + 6634 = 3*m, -2*m - 2*h + 13126 = 0. What is the hundreds digit of m?
5
Let w(f) = 6 - 2 + 10*f - 1. Let d be w(1). What is the units digit of (143 - d) + 2/2?
1
Let m = -121 + 52. Let v = 292 - m. What is the hundreds digit of v?
3
Suppose 4*l + 41085 = 5*c - 29408, -5*c = 3*l - 70444. What is the units digit of c?
3
Suppose -13*p = -6*p + 70. What is the units digit of 2 + (p/8)/(8/(-224))?
7
Let q = 66 - 66. Suppose q = 15*b - 17*b + 80. What is the tens digit of b?
4
Let n be 500/25*(-282)/(-8). Suppose -5*l + 5*b + 392 + 343 = 0, b = -5*l + n. What is the units digit of l?
2
Suppose -2*k - 1914 + 626 = 0. Let r = k + 1393. What is the units digit of r?
9
Let g = 139104 - 84695. What is the thousands digit of g?
4
Let w = 211 - 207. Suppose -w*l = 0, -4*l - 20 - 139 = -q. What is the units digit of q?
9
Suppose -11*t + 30*t = 16625. Suppose 1453 = 4*g - t. What is the units digit of g?
2
Suppose -3*l = -3*c - 2*c + 3510, -4*l = 0. What is the tens digit of c?
0
Let p = -106 - -68. Let q = 170 + p. What is the tens digit of q?
3
Let c be 99/((-501)/(-246) - (6 - 4)). Suppose 5*g = g + 3*p + c, -2035 = -3*g + 5*p. What is the units digit of g?
5
What is the tens digit of (-3 + 50 - -5)/(6/69) - 3?
9
Let l be 131990/40 - (-3)/12. Suppose 27*p = 22*p + l. What is the units digit of p?
0
Let m(j) = 328*j - 9207. What is the hundreds digit of m(34)?
9
Let x(i) = -2*i**3 - 15*i**2 - 25*i + 4. Let a be x(-5). What is the hundreds digit of (-5 + a)/(((-32)/2428)/8)?
6
Suppose 108*o + 862296 = 260*o. What is the tens digit of o?
7
Let l be -1 + 2 - -2 - -24. Let i(d) = -25*d - l + 3*d - 23*d. What is the units digit of i(-4)?
3
Suppose 9979 = 2*r + 3*m, -4985 = -r + 10*m - 13*m. What is the hundreds digit of r?
9
Let v(d) = -d**2 + 161*d - 15. What is the thousands digit of v(18)?
2
What is the tens digit of 1323/(-882)*96856/(-6)?
1
Let v = 65 + -61. Suppose 3*n + v*o = -0*n - 4, 2*n + 2*o + 2 = 0. Suppose -4*u + 7 + 9 = n. What is the units digit of u?
4
What is the tens digit of (-17630)/(-4)*(18/(-50))/((-66)/220)?
8
Let o be (-8)/(-10)*(-15)/(-6). Suppose c - 10 = -4*c. Suppose 2*k = -o*k + q + 215, 105 = c*k - q. What is the units digit of k?
5
Let v(k) = k**3 - 26*k**2 + 26*k - 25. Let i be v(25). Suppose i = -j + 4 - 6. What is the tens digit of 168 + j/(4/6)?
6
Suppose 62*d + 17*d - 3819915 = 24*d. What is the ten thousands digit of d?
6
Suppose p + p - 18 = 0. Let q = -6 + p. Let g(d) = 2*d**3 + 2*d**2 - 2*d + 3. What is the tens digit of g(q)?
6
What is the units digit of 16222/8 + (-215)/(-172)?
9
Suppose d = 3*d - 3*w - 61626, -30816 = -d + w. What is the hundreds digit of d?
8
Let o = -296 - -304. Suppose 2*w - 30 = -o. What is the tens digit of w?
1
Let h = -10141 + 15869. What is the thousands digit of h?
5
Let c be (-3 - 0)*((-53120)/(-24))/(-8). Let l = -548 + c. What is the hundreds digit of l?
2
Suppose 0 = 4*c - 3*z - 95859, -55638 = -3*c - 4*z + 16225. What is the tens digit of c?
6
Let k(b) = 13101*b + 2866. What is the tens digit of k(3)?
6
Let o = -94 - -256. Suppose 15*u - 228 - o = 0. What is the tens digit of u?
2
Let u = -634 - -950. Let s = u - 152. What is the hundreds digit of s?
1
Suppose 499583 + 206169 = 179*b + 9*b. What is the tens digit of b?
5
Let g be 2448/(-10) + -1 + (-3)/15. Let y = 440 + g. What is the uni